. Let h = u - -115. Let k = 140 - h. Calculate the remainder when k is divided by 24.
22
Let d(i) = -17*i + 87. Let j be d(5). Suppose p + 2*n + j = 43, -3*n - 153 = -5*p. Calculate the remainder when 43 is divided by p.
10
Let h = -38982 + 38999. Let y(j) = j**3 + 6*j**2 - 7*j + 3. What is the remainder when h is divided by y(-7)?
2
Calculate the remainder when 209568/295 + 24/(-10) is divided by 153.
96
Suppose 10*b = 24*b + 714. Let j = -8 - b. What is the remainder when 128 is divided by j?
42
Suppose 2*q - 119 = -7. Let t = 444 - 425. Calculate the remainder when q is divided by t.
18
Let f = -222 + 213. Calculate the remainder when ((-6)/f)/(2/303) + -4 is divided by 17.
12
Let s = 3511 + -3479. Calculate the remainder when 177 is divided by s.
17
Suppose -19*m + 36*m - 442 = 0. Calculate the remainder when ((-96)/6)/2 + 240 is divided by m.
24
Suppose -4*h - 643 - 141 = -102*h. Calculate the remainder when 934 is divided by h.
6
Calculate the remainder when 7364 is divided by (-154)/(-7) + (-35 - -26).
6
Suppose 13 = 5*z - 12. What is the remainder when 199/z + 9/45 is divided by 25?
15
Let s(f) = 50*f**2 + 5*f. Calculate the remainder when s(-2) is divided by 43.
18
Let p be (12/10)/(7/210). Suppose -8*h + p = -12. Suppose -h*v = -v - 50. What is the remainder when 19 is divided by v?
9
Let l(u) = u**2 - 5*u + 9. Let t = -39031 + 39057. What is the remainder when t is divided by l(6)?
11
Suppose v - 260 = h, -3*v + 0*v = -h - 780. Suppose 0 = 2*i + 2*k - v, 8*i + 3*k = 3*i + 648. Calculate the remainder when i is divided by 10.
9
Suppose 15*j - 2537 = -2297. What is the remainder when 38 is divided by j?
6
Suppose -3*u + 30 + 158 = h, 300 = 5*u - h. What is the remainder when 99 is divided by u?
38
Suppose 0 = -0*s - 4*s - 28. Let y(k) = k**2 + 10*k + 22. Let f be y(s). Calculate the remainder when 23 is divided by 8/(-3)*f*-3.
7
Suppose -4*f - 2*u = -812, 5*u + 397 = 4*f - 401. Calculate the remainder when f is divided by 193.
9
Suppose 2*c - 34 = 2*b, -4*c = 3*b - 174 + 71. Calculate the remainder when 36 is divided by c.
14
Let t(l) = 10110*l + 49 - 10110*l + l**2. Calculate the remainder when t(14) is divided by 41.
40
Let u = -30 - -72. Let g = 44 - u. What is the remainder when -73*(-2 - (-2)/g) + 0 is divided by 37?
36
Let c(v) = -45*v + 23. Let r(f) = 192*f - 93. Let i(l) = -9*c(l) - 2*r(l). Let s = 20 + -12. Calculate the remainder when i(s) is divided by 37.
36
Let u = 18315 - 17407. What is the remainder when u is divided by 145?
38
Let c(q) = 6*q**2 + q - 2. What is the remainder when -11 + 92450/625 + 1*6/75 is divided by c(-2)?
17
Suppose 5*h + 55 = 580. Let m(t) = 3*t + 128. What is the remainder when h is divided by m(-35)?
13
Suppose -741 = -6*r - 0*r + 711. Calculate the remainder when r is divided by 16.
2
What is the remainder when 1967 is divided by 20/(-2 + 6) - (-826)/7?
122
Let c = -4233 + 4412. Calculate the remainder when c is divided by 47.
38
Let u(s) = -12*s + 216. Calculate the remainder when (-2)/(-9) - (-561)/27 is divided by u(17).
9
Let l(b) = b**2 - 4*b - 1. Let i be l(-3). Let w = i + 7. Let v(t) = 15*t + 436. Calculate the remainder when v(-13) is divided by w.
25
Let y = -8271 + 17766. What is the remainder when y is divided by 44?
35
Let h = 3723 + -3244. What is the remainder when h is divided by 37?
35
Suppose -18*t - t = -988. Suppose t - 12 = v. Calculate the remainder when v is divided by 7.
5
Let q = -2101 + 2107. Calculate the remainder when 239 is divided by q.
5
Suppose 278 - 269 = -3*p, 4*j + p = 141. What is the remainder when 183 is divided by j?
3
Suppose -9*n = -2*n + 154. Let g = n + 30. What is the remainder when 74 is divided by (1 - g) + 4 - -28?
24
Suppose -149 = -2*u + 89. Suppose 3*w = -2*c + 30, -2*c - 16 = -3*c - 2*w. What is the remainder when u is divided by c?
11
Suppose 16768 + 676484 = 126*z. Calculate the remainder when z is divided by 43.
41
Suppose 12*m + 4704 = 18*m. Suppose -m*d = -787*d + 129. Calculate the remainder when 84 is divided by d.
41
Suppose 0 = 2*a - 0*a - x - 15, -3*a + 5 = 2*x. Let l be 294/(-63)*(-6)/4. What is the remainder when (-1)/7 - (-309)/l is divided by a?
4
Suppose -9444*z = -9472*z + 131488. Calculate the remainder when z is divided by 54.
52
Let j = 64 - 9. Let g = -223722 - -224049. Calculate the remainder when g is divided by j.
52
Let d = -45 + 183. Let v = d - 131. Calculate the remainder when v is divided by 4.
3
Calculate the remainder when -4927*4/(-12) - 9/27 is divided by 14.
4
Let x = -15 - -57. Suppose -2*o = 4*m + 8, 18 = -4*o - 3*m + 7. Calculate the remainder when x is divided by (1*(o + 3))/(8/192).
18
Suppose 0 = -v + 3*f - 47, 5*v - v + 175 = -f. Let k = 46 + v. Suppose k*l = -5*u + 46, -3*l - l + 12 = 0. What is the remainder when 36 is divided by u?
4
Suppose 4*d + 63 = 3*s - 91, 3*d = 6. Suppose -42 - s = -6*v. Suppose 2*y = 38 + v. What is the remainder when 50 is divided by y?
23
Suppose -2*b - 34 = -3*r, 5*r - 81*b - 40 = -86*b. Calculate the remainder when 16 is divided by r.
6
Suppose -5*a + 34 + 16 = 0. Suppose 1275*x - 2552*x + 1813 = -1228*x. What is the remainder when x is divided by a?
7
Let s(h) = 89*h**2 + 18*h + 20. Let p(d) = 4*d**2 - d. Let b(c) = -2*p(c) + s(c). Calculate the remainder when b(-1) is divided by 45.
36
Suppose -f - 2*h = 8, 5*f - 4*h + 30 - 4 = 0. Let u(c) = 168*c - 8216. What is the remainder when ((-4)/5)/(f/225) is divided by u(49)?
14
Let k(a) = -27*a - 331. Let v be k(-16). Suppose 0 = -26*b + 25*b + v. What is the remainder when b is divided by 26?
23
Suppose 43 = 4*m + 4*l + 15, -3*l = 15. Suppose 12 = -5*f + 2*f, 4*w + 5*f + m = 0. Suppose w*a = 11 + 39. What is the remainder when a is divided by 10?
5
Let n = 28772 - 27254. Calculate the remainder when n is divided by 128.
110
Suppose -551 - 281 = 13*t. What is the remainder when 1 + t/(-8) + 180 is divided by 13?
7
Let a(m) = m**3 + 858. What is the remainder when a(0) is divided by 3?
0
Let b = 1210 - 236. Suppose -z - 4*x - 43 = 0, 2*x = 8*z + 10 - 142. Calculate the remainder when b is divided by z.
12
Let w(p) = -22*p - 5. Let a be w(-2). Let y = -36 + a. Suppose 0 = -4*i - y*i + 35. What is the remainder when 19 is divided by i?
4
Suppose 5*i - 3 + 1 = -2*s, -2*i - 3 = -3*s. Suppose 5 - s = 4*p, -3*p - 12 = 3*b. Let n(k) = k**2 + 3*k - 3. What is the remainder when 40 is divided by n(b)?
5
Let o(j) = -j**3 + 12*j**2 + j + 2. Let g be o(12). Suppose g*k - 3*m + 93 = 15*k, -5*k + 4*m + 541 = 0. Calculate the remainder when k is divided by 31.
12
Let t = 33400 - 33372. What is the remainder when 1535 is divided by t?
23
Let k(y) = y**2 + 148*y + 1955. What is the remainder when 3253 is divided by k(-14)?
14
Calculate the remainder when 288 is divided by 1/(-3)*(-344 + -229).
97
Let n = 3115 + -3087. Calculate the remainder when 39 is divided by n.
11
Suppose -58 = 10*a - 39*a. Suppose 3*h - a*b = 1107, h + 15*b - 16*b - 368 = 0. Calculate the remainder when h is divided by 31.
30
Suppose -4*r + 2 + 29 = 3*h, 7 = -h + 3*r. Suppose 654 + 46 = h*t. Let p(k) = k**3 + 7*k**2 + 3*k + 1. What is the remainder when t is divided by p(-5)?
32
Let v(g) = 87*g**3 - 3*g**2 + 1. Let b be v(1). Let r = -71 + b. Suppose -10*w = -11*w + r. Calculate the remainder when 33 is divided by w.
5
Let y be (15/(-4))/(11/(-44)). What is the remainder when 223 is divided by ((-1)/((-15)/(-18)))/(y/(-400))?
31
Suppose 0 = 4*o - 5*h - 2, 5*h = o - 0 + 7. Let z = 2900 + -2865. What is the remainder when z is divided by o?
2
Let y(l) = 48*l**2 - 12*l + 21. Let x be y(22). What is the remainder when ((-2)/6*-2)/(158/x) is divided by 29?
10
Suppose 2*o - 2 = -2*z, -4*o + 3*o - 3*z - 3 = 0. Suppose -o*n - 218 = -8*n - 3*v, -3*n - v + 134 = 0. Calculate the remainder when 88 is divided by n.
42
Suppose 11*g - 97 = 10*g + 4*v, 2*g - 4*v - 198 = 0. Suppose 96*p + 105 = g*p. What is the remainder when 61 is divided by p?
19
Suppose 3*t - 522 = 2*x, 7*t = 4*t - 2*x + 510. What is the remainder when 70 is divided by (t/(-5))/(-4) + 16/40?
7
Suppose 14*a - 4871 = 10025. What is the remainder when a is divided by 63?
56
Suppose 24 = 2*k - 42. Let n = -302 + 306. Suppose -n*z + 28 = -9*m + 5*m, z - 5*m - 7 = 0. What is the remainder when k is divided by z?
5
Let r